 158?
79
Let t be -6*(-4 + (-275)/10). What is the greatest common divisor of 7 and t?
7
Let b(f) = -f**3 + 9*f**2 + 6*f - 9. Let v be b(9). Let a = v + -9. What is the highest common factor of a and 90?
18
Let i(z) = 2*z**3 - 38*z**2 + 71*z - 39. Let w be i(17). Calculate the highest common divisor of 24 and w.
12
Let f = 18 - 27. Let j = 14 + f. What is the highest common divisor of j and 45?
5
Let m(p) = p**2 + 8*p + 25. Let r be m(-4). Calculate the highest common factor of r and 18.
9
Suppose 0*x + 4*x = 3*x. Suppose 0 = -k - 3*t + 4, 4*k - 16 = -3*t - x*t. What is the highest common divisor of k and 4?
4
Suppose -4*h - 26 = x, -4*x + 10 = x. Let g be h*30/7*2/(-3). Calculate the greatest common factor of g and 30.
10
Suppose -26 = -3*n - y + 5*y, -3*y - 21 = -3*n. Suppose n*j + 104 = 3*j. What is the highest common divisor of j and 8?
8
Suppose -5*q + 2*z = -0 + 12, 2*q - 5*z = 12. Let t be q/(-12)*0 - -3. Suppose t*l = -4*g + l + 20, l = 4. Calculate the highest common factor of 15 and g.
3
Let u be (-27)/(-18) + (-3 - 43/(-2)). Calculate the highest common divisor of u and 6.
2
Let p(w) = -w**3 - 4*w**2 - 2*w - 1. Let x = 5 + 13. Let u = x + -22. Let o be p(u). What is the highest common divisor of o and 14?
7
Let b be 1/(-5) + (-31)/(-5). Let j = b + -4. Suppose 2*a - 176 = -4*h, -j*h - 62 = -a + 34. Calculate the greatest common divisor of 23 and a.
23
Let l be 110/20 + (-1)/(-2) + -1. Let o(x) = -4*x - 3. Let b be o(-1). Calculate the greatest common factor of l and b.
1
Suppose -2*s = s - 6, -3*w + 4*s + 4 = 0. Let y(n) = n**3 + 6*n**2 + 6*n - 3. Let k be y(-5). Let o be 7/2 - w/k. What is the highest common factor of o and 28?
4
Suppose -b = 18 - 24. Suppose 0 = b*r - 54 - 72. Calculate the highest common divisor of 189 and r.
21
Suppose p - 105 = 5*z, -4*p + 45 = -2*z - 3*p. Let v = -15 - z. Suppose -2*t + 5*t = u + 24, 3*t - v*u = 24. Calculate the greatest common divisor of 64 and t.
8
Suppose -5 = 2*j + 5*z, 0 = 2*j + j + 3*z - 6. Let g = -2 + 4. Let i be (-1)/g + 20/8. What is the greatest common divisor of j and i?
1
Suppose z - 5 = 0, z = 31*d - 24*d - 93. Let q(w) = 2*w**3 - 5*w**2 - 5*w + 2. Let s be q(6). What is the greatest common divisor of d and s?
14
Let i(t) = -27*t**2 + 6*t + 23. Let l(c) = 13*c**2 - 3*c - 11. Let r(d) = 6*i(d) + 13*l(d). Let g be r(4). What is the highest common divisor of 38 and g?
19
Let a be ((-26)/3)/(2/(-3)). Suppose -u = u + 156. Let j = 117 + u. Calculate the greatest common factor of j and a.
13
Let o be (210/9)/((-2)/(-21)). Let d be 4/(20/o) - 5. What is the greatest common divisor of 11 and d?
11
Let c = 591 - 522. What is the greatest common divisor of c and 552?
69
Let m be 0 + 1 + -6 + 12. What is the greatest common factor of m and 343?
7
Suppose -5*n + 17 - 7 = 0, 4*n = 2*p + 2. Suppose -o = -p*o. Suppose 5*h - 4*m - 40 = o, 3*m + 40 = 4*h + h. What is the greatest common factor of h and 32?
8
Let g(f) = f**2 - 17*f - 60. Let t be g(21). Calculate the highest common factor of t and 48.
24
Let p be 13/78 + 1578/36. What is the highest common divisor of 550 and p?
22
Let j(x) = x**2 - 2*x + 1. Let q(p) = p**2 - 6*p - 10. Suppose 35 = 2*m + 3*m. Let s be q(m). Let z be j(s). What is the highest common divisor of z and 4?
4
Let u = 433 + -341. Calculate the greatest common divisor of 621 and u.
23
Let r(t) = -t**3 - 6*t**2 - 6*t + 3. Let u be r(-3). Let v be 0 - (-540)/(u/(-2)). What is the highest common factor of v and 9?
9
Let n be 20 + -12 - (2 - -2). Calculate the highest common factor of n and 18.
2
Let q be (-2 - -1 - -1) + 27. What is the greatest common factor of q and 297?
27
Suppose -2*h = 45*h - 752. Calculate the greatest common factor of h and 864.
16
Let y = 26 + 38. Suppose -y = -7*p + 4*p - d, -4*d = -16. Suppose -21 + 181 = 16*i. Calculate the greatest common factor of i and p.
10
Let o be (3 + -1)/(2/265). Suppose -14*j + 1175 = o. Calculate the highest common factor of j and 195.
65
Suppose -17*k - 7 + 517 = 0. Calculate the greatest common factor of 90 and k.
30
Let q = 0 - -9. Let t be 724/10 + 4/(-10). Calculate the greatest common factor of t and q.
9
Let j(f) = f**2 - f - 3. Let p be j(3). Suppose -3*i + 11 = 4*d, -p*d + 0*d + 6 = 3*i. What is the highest common factor of 15 and d?
5
Suppose -2*d + 12*f + 454 = 15*f, -5*f - 10 = 0. What is the highest common factor of 46 and d?
46
Suppose v - 5*x + 8 - 3 = 0, v + 4*x = -14. Let b = v - -69. Let q = 104 - b. What is the highest common factor of q and 15?
15
Suppose -5*u + 2*k + 11 = 0, u = -0*u + 4*k + 13. Let j be (3 - u) + -1 + (41 - 4). Calculate the greatest common divisor of j and 57.
19
Let c = -483 - -535. Calculate the highest common factor of c and 884.
52
Let c be 44/8 + 3/2. Suppose -2*u - 3*r + 10 = 4, 0 = -5*u + 5*r - 10. Suppose l + 3*l - 28 = u. What is the greatest common divisor of l and c?
7
Let z(h) = -h**2 + 1. Let g be z(3). Let c = g - -7. Let v be 27*((-5)/(-3) + c). Calculate the greatest common divisor of v and 6.
6
Let d = -163 - -91. Let k = 36 + d. Let z = -20 - k. What is the greatest common factor of 2 and z?
2
Suppose -3*s = -9, 0 = l + s + 6 - 0. Let i = l - -21. What is the highest common factor of 18 and i?
6
Suppose 0 = -4*c - 383 - 245. Let o = 25 - c. Calculate the highest common factor of o and 26.
26
Suppose -3*v - 3*q = 2*v - 226, 5*v - 5*q = 210. Suppose -7*s = -3*s - v. What is the highest common divisor of 1 and s?
1
Let w(f) = -f**3 + 9*f**2 - 3*f - 13. Let j be w(8). Suppose j = -3*s + 45. Let v = -9 + 15. What is the highest common factor of v and s?
6
Let h = 233 - -560. What is the greatest common factor of h and 26?
13
Let p(a) = a**3 - 8*a**2 + 9*a + 2. Let c be p(7). Calculate the greatest common factor of 14 and c.
2
Let x(k) = -2*k**3 + 16*k**2 - 6*k - 10. Let f be x(6). What is the greatest common factor of 14 and f?
14
Let m = 18 + -14. Suppose 0 = -5*u + m*u - 4. Let d be 27/(u/(-2) + -1). Calculate the highest common factor of d and 9.
9
Suppose 2*m + 10 = 6. Let n be (-80)/(-4) - (m - 0). What is the highest common divisor of 55 and n?
11
Let k = 52 - 34. Suppose -2 = -j - 5*l, -l + 130 = 5*j - 0*l. Calculate the greatest common divisor of j and k.
9
Suppose -2*s = 3*s - 1225. Let o = 404 + -369. What is the highest common divisor of o and s?
35
Suppose -5*j = 15, -5*n - 14 = -j + 33. Let y = n - -42. Calculate the highest common divisor of y and 4.
4
Suppose -28176 = -22*m - 896. What is the greatest common factor of 5 and m?
5
Let r be (-40)/3*(-36)/16. Suppose -2*n + n - 715 = -4*b, 0 = b + n - 185. What is the greatest common factor of r and b?
30
Suppose 0 = -0*q + 5*q + q. Suppose 2*r - 55 = -3*u, q*u + 10 = 2*u - 4*r. What is the greatest common divisor of u and 15?
15
Suppose -26*y = i - 24*y - 81, 3*y = 3*i - 216. Calculate the highest common divisor of i and 3.
3
Suppose -c - 7 = -5. Let q be c + -1 + 5 + 0. Suppose -3*j + q*o = 7 - 54, 4*o - 39 = -j. Calculate the greatest common factor of j and 152.
19
Let b = 3559 + -2428. What is the highest common divisor of 29 and b?
29
Let l(z) = -z**2 - 10*z + 22. Let q be l(-11). Suppose 15 = -q*v + 14*v. Calculate the greatest common divisor of v and 5.
5
Let k(x) = x - 7. Let w be k(7). Suppose -m - 3*m = -4*p + 200, w = -m - 2*p - 59. Let s be 1/(-4) - m/4. Calculate the greatest common factor of s and 39.
13
Let w be 11 - ((-80)/8 - 1786). Calculate the greatest common factor of w and 13.
13
Let p(g) be the first derivative of 103*g**4/4 + g - 4. Let d be p(1). Calculate the highest common factor of 13 and d.
13
Let s = 28 + -10. Let c(y) = y**2 + 2*y - 6. Let f be c(4). Let p be 5*f/(-4)*-2. What is the highest common divisor of p and s?
9
Let m = 15 + -11. Suppose -8*r - 5 = -3*r, 5*r = -g + m. Suppose -6 = -2*q - h, -6*q + 2*h = -7*q + g. Calculate the greatest common factor of 2 and q.
1
Suppose -3*d + 4*c - 1659 = -5263, 4814 = 4*d - c. What is the greatest common factor of d and 28?
28
Let n be 13 + 0 + -2 + 2. Suppose 0 = 8*b - 16 - 0. Let l be (13/b)/(18/396). What is the greatest common factor of n and l?
13
Let m be (-11 - -9) + (-1 + 2 - -160). Let o = m - 116. What is the greatest common factor of o and 344?
43
Suppose -199*s - 2*h = -197*s - 980, 4*h = -3*s + 1467. What is the hig